{"id":2418,"date":"2021-06-15T15:34:45","date_gmt":"2021-06-15T18:34:45","guid":{"rendered":"https:\/\/respect.cl\/?page_id=2418"},"modified":"2021-08-21T04:54:52","modified_gmt":"2021-08-21T07:54:52","slug":"prensa","status":"publish","type":"page","link":"https:\/\/respect.cl\/index.php\/prensa\/","title":{"rendered":"Prensa"},"content":{"rendered":"<p>[vc_row full_width=&#8221;stretch_row&#8221; css=&#8221;.vc_custom_1629226468300{margin-top: 80px !important;margin-bottom: 0px !important;background-color: #f7f8fa !important;background-position: center !important;background-repeat: no-repeat !important;background-size: cover !important;}&#8221;][vc_column]<div class=\"clearboth\"><\/div><div class=\"gem-divider \" style=\"margin-top: 55px;\"><\/div>[vc_column_text]<\/p>\n<div class=\"title-h1\" style=\"text-align: center;\"><span style=\"color: #427a74;\">Noticias<\/span><\/div>\n<p>[\/vc_column_text]<div class=\"clearboth\"><\/div><div class=\"gem-divider \" style=\"margin-top: 55px;\"><\/div>[vc_row_inner][vc_column_inner width=&#8221;1\/2&#8243; offset=&#8221;vc_col-md-3&#8243;]<div class=\"gem-textbox  centered-box\"  ><div class=\"gem-textbox-picture centered-box\"><img decoding=\"async\" data-src=\"https:\/\/respect.cl\/wp-content\/uploads\/2019\/07\/Lollapalooza_Chile-1.jpg\" alt=\"\" class=\"img-responsive lazyload\" src=\"data:image\/svg+xml;base64,PHN2ZyB3aWR0aD0iMSIgaGVpZ2h0PSIxIiB4bWxucz0iaHR0cDovL3d3dy53My5vcmcvMjAwMC9zdmciPjwvc3ZnPg==\" style=\"--smush-placeholder-width: 1000px; --smush-placeholder-aspect-ratio: 1000\/1000;\" \/><\/div><div class=\"gem-textbox-inner gem-textbox-after-image\" style=\"\"><div class=\"gem-textbox-content\" style=\"background-color: #eaecf0;background-position: center top;padding-top: 40px;padding-bottom: 28px;padding-left: 20px;padding-right: 20px;\">[vc_column_text css=&#8221;.vc_custom_1624979892769{padding-bottom: 8px !important;}&#8221;]<\/p>\n<div class=\"title-h6\"><span style=\"color: #447a75;\"><strong>Respect, Sustentabilidad en Eventos<\/strong><br \/>\n<\/span><\/div>\n<p>[\/vc_column_text][vc_column_text]\u201cLa propuesta nuestra discrepaba bastante del Lollapalooza de Chicago, porque eran solo Rock and Recycle y Green Street. Nosotros abordamos muchas m\u00e1s variables, por lo que fuimos distinguidos como uno de los cinco festivales m\u00e1s sustentables del mundo\u201d<\/p>\n<p><em>\u00c1lvaro Morales<\/em>[\/vc_column_text][vc_column_text]<span class=\"letter-spacing\"><em><span style=\"color: #999999;\">Pa\u00eds Circular<\/span><\/em><\/span>[\/vc_column_text]<div class=\"gem-button-container gem-button-position-center thegem-button-69fb2b9c90dcc1717\" ><a class=\"gem-button gem-button-size-tiny gem-button-style-outline gem-button-text-weight-normal gem-button-border-2\" style=\"border-radius: 0px;border-color: #2c2e3d;color: #2c2e3d;\" onmouseleave=\"this.style.borderColor='#2c2e3d';this.style.backgroundColor='transparent';this.style.color='#2c2e3d';\" onmouseenter=\"this.style.backgroundColor='#2c2e3d';this.style.color='#ffffff';\" href=\"https:\/\/www.paiscircular.cl\/industria\/respect-chile-la-empresa-lider-en-asesorias-de-sustentabilidad-en-eventos-masivos\/\" target=\"_blank\">Leer m\u00e1s<\/a><\/div> <\/div><\/div><\/div>[\/vc_column_inner][vc_column_inner width=&#8221;1\/2&#8243; offset=&#8221;vc_col-md-3&#8243;]<div class=\"gem-textbox  centered-box\"  ><div class=\"gem-textbox-picture centered-box\"><img decoding=\"async\" data-src=\"https:\/\/respect.cl\/wp-content\/uploads\/2019\/07\/Valparaiso.jpg\" alt=\"\" class=\"img-responsive lazyload\" src=\"data:image\/svg+xml;base64,PHN2ZyB3aWR0aD0iMSIgaGVpZ2h0PSIxIiB4bWxucz0iaHR0cDovL3d3dy53My5vcmcvMjAwMC9zdmciPjwvc3ZnPg==\" style=\"--smush-placeholder-width: 1110px; --smush-placeholder-aspect-ratio: 1110\/1110;\" \/><\/div><div class=\"gem-textbox-inner gem-textbox-after-image\" style=\"\"><div class=\"gem-textbox-content\" style=\"background-color: #eaecf0;background-position: center top;padding-top: 40px;padding-bottom: 28px;padding-left: 20px;padding-right: 20px;\">[vc_column_text css=&#8221;.vc_custom_1623960558669{padding-bottom: 8px !important;}&#8221;]<\/p>\n<div class=\"title-h6\"><span style=\"color: #447a75;\"><strong>Respect en A\u00f1o Nuevo Valpara\u00edso<\/strong><\/span><\/div>\n<p>[\/vc_column_text][vc_column_text]\u201cSiguiendo con la linea de minimizar la contaminaci\u00f3n ambiental, el municipio de la ciudad puerto hab\u00eda informado que el evento de A\u00f1o Nuevo lo certificar\u00edan con Carbono Neutral, convirti\u00e9ndose as\u00ed en la primera celebraci\u00f3n de fin de a\u00f1o del mundo en tener este sello\u201d[\/vc_column_text][vc_column_text]<span class=\"letter-spacing\"><em><span style=\"color: #999999;\">Emol<\/span><\/em><\/span>[\/vc_column_text]<div class=\"gem-button-container gem-button-position-center thegem-button-69fb2b9c910839409\" ><a class=\"gem-button gem-button-size-tiny gem-button-style-outline gem-button-text-weight-normal gem-button-border-2\" style=\"border-radius: 0px;border-color: #2c2e3d;color: #2c2e3d;\" onmouseleave=\"this.style.borderColor='#2c2e3d';this.style.backgroundColor='transparent';this.style.color='#2c2e3d';\" onmouseenter=\"this.style.backgroundColor='#2c2e3d';this.style.color='#ffffff';\" href=\"http:\/\/www.emol.com\/noticias\/Nacional\/2017\/01\/01\/838092\/Estrategias-civiles-y-municipales-permiten-reducir-a-140-toneladas-de-basura-recogida-tras-Ano-Nuevo.html\" target=\"_blank\">Leer m\u00e1s<\/a><\/div> <\/div><\/div><\/div>[\/vc_column_inner][vc_column_inner width=&#8221;1\/2&#8243; offset=&#8221;vc_col-md-3&#8243;]<div class=\"gem-textbox  centered-box\"  ><div class=\"gem-textbox-picture centered-box\"><img decoding=\"async\" data-src=\"https:\/\/respect.cl\/wp-content\/uploads\/2021\/06\/noticiaspichilemurespect.jpg\" alt=\"\" class=\"img-responsive lazyload\" src=\"data:image\/svg+xml;base64,PHN2ZyB3aWR0aD0iMSIgaGVpZ2h0PSIxIiB4bWxucz0iaHR0cDovL3d3dy53My5vcmcvMjAwMC9zdmciPjwvc3ZnPg==\" style=\"--smush-placeholder-width: 550px; --smush-placeholder-aspect-ratio: 550\/550;\" \/><\/div><div class=\"gem-textbox-inner gem-textbox-after-image\" style=\"\"><div class=\"gem-textbox-content\" style=\"background-color: #eaecf0;background-position: center top;padding-top: 40px;padding-bottom: 28px;padding-left: 20px;padding-right: 20px;\">[vc_column_text css=&#8221;.vc_custom_1623960580011{padding-bottom: 8px !important;}&#8221;]<\/p>\n<div class=\"title-h6\"><span style=\"color: #447a75;\"><strong>Respect en campeonato de Surf de Pichilemu<\/strong><\/span><\/div>\n<p>[\/vc_column_text][vc_column_text]\u201cLa idea es generar un plan de sustentabilidad desde este a\u00f1o en adelante para disminuir el impacto y huella que pueda causar el campeonato en la zona de la regi\u00f3n de O\u2019Higgins\u201d<\/p>\n<p><em>Catalina Droguett, periodista y activista por un mundo sustentable<\/em>[\/vc_column_text][vc_column_text]<span class=\"letter-spacing\"><em><span style=\"color: #999999;\">CNN<\/span><\/em><\/span>[\/vc_column_text]<\/div><\/div><\/div>[\/vc_column_inner][vc_column_inner width=&#8221;1\/2&#8243; offset=&#8221;vc_col-md-3&#8243;]<div class=\"gem-textbox  centered-box\"  ><div class=\"gem-textbox-picture centered-box\"><img decoding=\"async\" data-src=\"https:\/\/respect.cl\/wp-content\/uploads\/2021\/06\/RespectFondaParque.jpg\" alt=\"\" class=\"img-responsive lazyload\" src=\"data:image\/svg+xml;base64,PHN2ZyB3aWR0aD0iMSIgaGVpZ2h0PSIxIiB4bWxucz0iaHR0cDovL3d3dy53My5vcmcvMjAwMC9zdmciPjwvc3ZnPg==\" style=\"--smush-placeholder-width: 1000px; --smush-placeholder-aspect-ratio: 1000\/1000;\" \/><\/div><div class=\"gem-textbox-inner gem-textbox-after-image\" style=\"\"><div class=\"gem-textbox-content\" style=\"background-color: #eaecf0;background-position: center top;padding-top: 40px;padding-bottom: 28px;padding-left: 20px;padding-right: 20px;\">[vc_column_text css=&#8221;.vc_custom_1623960601532{padding-bottom: 8px !important;}&#8221;]<\/p>\n<div class=\"title-h6\"><span style=\"color: #447a75;\"><strong>Respect en Fondas Parque O\u00b4Higgins<\/strong><\/span><\/div>\n<p>[\/vc_column_text][vc_column_text]\u201cA trav\u00e9s de estas iniciativas, los eventos est\u00e1n demostrando que todas las acciones afectan al cambio clim\u00e1tico y que es urgente que todos los sectores participen del cambio cultural que necesita el planeta\u201d<\/p>\n<p><em>Carolina Schmidt, Ministra de Medio Ambiente<\/em>[\/vc_column_text][vc_column_text]<span class=\"letter-spacing\"><em><span style=\"color: #999999;\">24 Horas<\/span><\/em><\/span>[\/vc_column_text]<div class=\"gem-button-container gem-button-position-center thegem-button-69fb2b9c914a36006\" ><a class=\"gem-button gem-button-size-tiny gem-button-style-outline gem-button-text-weight-normal gem-button-border-2\" style=\"border-radius: 0px;border-color: #2c2e3d;color: #2c2e3d;\" onmouseleave=\"this.style.borderColor='#2c2e3d';this.style.backgroundColor='transparent';this.style.color='#2c2e3d';\" onmouseenter=\"this.style.backgroundColor='#2c2e3d';this.style.color='#ffffff';\" href=\"https:\/\/www.24horas.cl\/fiestaspatrias2019\/inauguracion-de-fondas-del-parque-ohiggins-sera-carbono-neutral--3599067\" target=\"_blank\">Leer m\u00e1s<\/a><\/div> <\/div><\/div><\/div>[\/vc_column_inner][\/vc_row_inner]<div class=\"clearboth\"><\/div><div class=\"gem-divider \" style=\"margin-top: 120px;\"><\/div>[\/vc_column][\/vc_row][vc_row full_width=&#8221;stretch_row&#8221; css=&#8221;.vc_custom_1629226458253{margin-bottom: 0px !important;background-color: #f7f8fa !important;background-position: center !important;background-repeat: no-repeat !important;background-size: cover !important;}&#8221;][vc_column]<div class=\"clearboth\"><\/div><div class=\"gem-divider \" style=\"margin-top: 30px;\"><\/div>[vc_column_text]<\/p>\n<div class=\"title-h1\" style=\"text-align: center;\"><span style=\"color: #427a74;\">Columnas de Opini\u00f3n<\/span><\/div>\n<p>[\/vc_column_text]<div class=\"clearboth\"><\/div><div class=\"gem-divider \" style=\"margin-top: 55px;\"><\/div>[vc_row_inner][vc_column_inner width=&#8221;1\/2&#8243; offset=&#8221;vc_col-md-6&#8243;]<div class=\"gem-textbox  centered-box\"  ><div class=\"gem-textbox-inner\" style=\"\"><div class=\"gem-textbox-title\" style=\"padding-left: 20px;padding-right: 20px;\"><\/div><div class=\"gem-textbox-content\" style=\"background-color: #eaecf0;background-position: center top;padding-top: 40px;padding-bottom: 28px;padding-left: 20px;padding-right: 20px;\">[vc_column_text css=&#8221;.vc_custom_1624802401118{padding-bottom: 8px !important;}&#8221;]<\/p>\n<div class=\"title-h6\"><span style=\"color: #447a75;\"><strong>La garant\u00eda ambiental de los eventos masivos en Chile: una deuda pendiente<\/strong><br \/>\n<\/span><\/div>\n<p>[\/vc_column_text][vc_column_text]<\/p>\n<p style=\"text-align: left;\"><span style=\"font-weight: 400;\">\u201cHoy es urgente que comprendamos la real dimensi\u00f3n del problema para as\u00ed vincular, sostener y garantizar a trav\u00e9s de un conjunto de medidas que logren disminuir el impacto ambiental, donde todos aquellos que generamos el problema seamos tambi\u00e9n parte de la soluci\u00f3n\u201d.<\/span><\/p>\n<p style=\"text-align: left;\"><em>\u00c1lvaro Morales<\/em><\/p>\n<p>[\/vc_column_text][vc_column_text]<span class=\"letter-spacing\"><em><span style=\"color: #999999;\">Diario <span style=\"font-weight: 400;\">El Mostrador<\/span><\/span><\/em><\/span>[\/vc_column_text]<div class=\"gem-button-container gem-button-position-center thegem-button-69fb2b9c91538310\" ><a class=\"gem-button gem-button-size-tiny gem-button-style-outline gem-button-text-weight-normal gem-button-border-2\" style=\"border-radius: 0px;border-color: #2c2e3d;color: #2c2e3d;\" onmouseleave=\"this.style.borderColor='#2c2e3d';this.style.backgroundColor='transparent';this.style.color='#2c2e3d';\" onmouseenter=\"this.style.backgroundColor='#2c2e3d';this.style.color='#ffffff';\" href=\"https:\/\/www.elmostrador.cl\/noticias\/opinion\/2019\/06\/06\/la-garantia-ambiental-de-los-eventos-masivos-en-chile-una-deuda-pendiente\/\" target=\"_blank\">Link<\/a><\/div> <\/div><\/div><\/div>[\/vc_column_inner][vc_column_inner width=&#8221;1\/2&#8243; offset=&#8221;vc_col-md-6&#8243;]<div class=\"gem-textbox  centered-box\"  ><div class=\"gem-textbox-inner\" style=\"\"><div class=\"gem-textbox-title\" style=\"padding-left: 20px;padding-right: 20px;\"><\/div><div class=\"gem-textbox-content\" style=\"background-color: #eaecf0;background-position: center top;padding-top: 40px;padding-bottom: 28px;padding-left: 20px;padding-right: 20px;\">[vc_column_text css=&#8221;.vc_custom_1624802616533{padding-bottom: 8px !important;}&#8221;]<\/p>\n<div class=\"title-h6\"><span style=\"color: #447a75;\"><strong>Eventos post pandemia: la importancia de retomarlos con conciencia medioambiental<\/strong><\/span><\/div>\n<p>[\/vc_column_text][vc_column_text]<\/p>\n<p style=\"text-align: left;\"><span style=\"font-weight: 400;\">\u201cCuando el 2011 comenzamos a medir huella de carbono y a realizar gesti\u00f3n de residuos en eventos, precisamente uno de los prop\u00f3sitos que persegu\u00edamos era educar a trav\u00e9s de estas acciones a los asistentes. Esto, con el objetivo de que dimensionaran los impactos visibles y no visibles que se generaban.\u201d<\/span><\/p>\n<p style=\"text-align: left;\"><em>\u00c1lvaro Morales<\/em><\/p>\n<p>[\/vc_column_text][vc_column_text]<span class=\"letter-spacing\"><em><span style=\"color: #999999;\">El Dinamo<\/span><\/em><\/span>[\/vc_column_text]<div class=\"gem-button-container gem-button-position-center thegem-button-69fb2b9c915993271\" ><a class=\"gem-button gem-button-size-tiny gem-button-style-outline gem-button-text-weight-normal gem-button-border-2\" style=\"border-radius: 0px;border-color: #2c2e3d;color: #2c2e3d;\" onmouseleave=\"this.style.borderColor='#2c2e3d';this.style.backgroundColor='transparent';this.style.color='#2c2e3d';\" onmouseenter=\"this.style.backgroundColor='#2c2e3d';this.style.color='#ffffff';\" href=\"https:\/\/www.eldinamo.cl\/opinion\/2020\/12\/23\/eventos-post-pandemia-la-importancia-de-retomarlos-con-conciencia-medioambiental\/\" target=\"_blank\">Link<\/a><\/div> <\/div><\/div><\/div>[\/vc_column_inner][\/vc_row_inner]<div class=\"clearboth\"><\/div><div class=\"gem-divider \" style=\"margin-top: 120px;\"><\/div>[\/vc_column][\/vc_row][vc_row full_width=&#8221;stretch_row&#8221; css=&#8221;.vc_custom_1629226458253{margin-bottom: 0px !important;background-color: #f7f8fa !important;background-position: center !important;background-repeat: no-repeat !important;background-size: cover !important;}&#8221;][vc_column]<div class=\"clearboth\"><\/div><div class=\"gem-divider \" style=\"margin-top: 30px;\"><\/div>[vc_column_text]<\/p>\n<div class=\"title-h1\" style=\"text-align: center;\"><span style=\"color: #427a74;\">Actualidades<\/span><\/div>\n<p>[\/vc_column_text]<div class=\"clearboth\"><\/div><div class=\"gem-divider \" style=\"margin-top: 55px;\"><\/div>[vc_masonry_grid post_type=&#8221;post&#8221; max_items=&#8221;8&#8243; style=&#8221;load-more&#8221; items_per_page=&#8221;8&#8243; gap=&#8221;15&#8243; btn_title=&#8221;Leer m\u00e1s&#8221; btn_style=&#8221;modern&#8221; btn_color=&#8221;default&#8221; btn_size=&#8221;xs&#8221; grid_id=&#8221;vc_gid:1629228719463-ee29bf2e-8339-5&#8243; taxonomies=&#8221;82&#8243;]<div class=\"clearboth\"><\/div><div class=\"gem-divider \" style=\"margin-top: 120px;\"><\/div>[\/vc_column][\/vc_row]<\/p>\n","protected":false},"excerpt":{"rendered":"<p>[vc_row full_width=&#8221;stretch_row&#8221; css=&#8221;.vc_custom_1629226468300{margin-top: 80px !important;margin-bottom: 0px !important;background-color: #f7f8fa !important;background-position: center !important;background-repeat: no-repeat !important;background-size: cover !important;}&#8221;][vc_column][vc_column_text] Noticias [\/vc_column_text][vc_row_inner][vc_column_inner width=&#8221;1\/2&#8243; offset=&#8221;vc_col-md-3&#8243;][\/vc_column_inner][vc_column_inner width=&#8221;1\/2&#8243;&#8230;<\/p>\n","protected":false},"author":1,"featured_media":0,"parent":0,"menu_order":0,"comment_status":"closed","ping_status":"closed","template":"","meta":{"footnotes":""},"class_list":["post-2418","page","type-page","status-publish"],"yoast_head":"<!-- This site is optimized with the Yoast SEO plugin v27.4 - https:\/\/yoast.com\/product\/yoast-seo-wordpress\/ -->\n<title>Respect - Prensa &amp; Actualidades del mundo de la sostenibilidad<\/title>\n<meta name=\"description\" content=\"Articulos de prensa y actualidades del mundo de la sostenibilidad. Columnas de opini\u00f3n de nuestros socios.\" \/>\n<meta name=\"robots\" content=\"index, follow, max-snippet:-1, max-image-preview:large, max-video-preview:-1\" \/>\n<link rel=\"canonical\" href=\"https:\/\/respect.cl\/index.php\/prensa\/\" \/>\n<meta property=\"og:locale\" content=\"es_ES\" \/>\n<meta property=\"og:type\" content=\"article\" \/>\n<meta property=\"og:title\" content=\"Respect - Prensa &amp; Actualidades del mundo de la sostenibilidad\" \/>\n<meta property=\"og:description\" content=\"Articulos de prensa y actualidades del mundo de la sostenibilidad. Columnas de opini\u00f3n de nuestros socios.\" \/>\n<meta property=\"og:url\" content=\"https:\/\/respect.cl\/index.php\/prensa\/\" \/>\n<meta property=\"og:site_name\" content=\"Respect\" \/>\n<meta property=\"article:publisher\" content=\"https:\/\/www.facebook.com\/RespectCL\/\" \/>\n<meta property=\"article:modified_time\" content=\"2021-08-21T07:54:52+00:00\" \/>\n<meta property=\"og:image\" content=\"https:\/\/respect.cl\/wp-content\/uploads\/2021\/06\/respect.jpg\" \/>\n\t<meta property=\"og:image:width\" content=\"550\" \/>\n\t<meta property=\"og:image:height\" content=\"550\" \/>\n\t<meta property=\"og:image:type\" content=\"image\/jpeg\" \/>\n<meta name=\"twitter:card\" content=\"summary_large_image\" \/>\n<meta name=\"twitter:label1\" content=\"Tiempo estimado de lectura\" \/>\n\t<meta name=\"twitter:data1\" content=\"6 minutos\" \/>\n<script type=\"application\/ld+json\" class=\"yoast-schema-graph\">{\"@context\":\"https:\\\/\\\/schema.org\",\"@graph\":[{\"@type\":\"WebPage\",\"@id\":\"https:\\\/\\\/respect.cl\\\/index.php\\\/prensa\\\/\",\"url\":\"https:\\\/\\\/respect.cl\\\/index.php\\\/prensa\\\/\",\"name\":\"Respect - Prensa & Actualidades del mundo de la sostenibilidad\",\"isPartOf\":{\"@id\":\"https:\\\/\\\/respect.cl\\\/#website\"},\"datePublished\":\"2021-06-15T18:34:45+00:00\",\"dateModified\":\"2021-08-21T07:54:52+00:00\",\"description\":\"Articulos de prensa y actualidades del mundo de la sostenibilidad. Columnas de opini\u00f3n de nuestros socios.\",\"breadcrumb\":{\"@id\":\"https:\\\/\\\/respect.cl\\\/index.php\\\/prensa\\\/#breadcrumb\"},\"inLanguage\":\"es-CL\",\"potentialAction\":[{\"@type\":\"ReadAction\",\"target\":[\"https:\\\/\\\/respect.cl\\\/index.php\\\/prensa\\\/\"]}]},{\"@type\":\"BreadcrumbList\",\"@id\":\"https:\\\/\\\/respect.cl\\\/index.php\\\/prensa\\\/#breadcrumb\",\"itemListElement\":[{\"@type\":\"ListItem\",\"position\":1,\"name\":\"Portada\",\"item\":\"https:\\\/\\\/respect.cl\\\/\"},{\"@type\":\"ListItem\",\"position\":2,\"name\":\"Prensa\"}]},{\"@type\":\"WebSite\",\"@id\":\"https:\\\/\\\/respect.cl\\\/#website\",\"url\":\"https:\\\/\\\/respect.cl\\\/\",\"name\":\"Respect\",\"description\":\"Agencia en Sostenibilidad\",\"publisher\":{\"@id\":\"https:\\\/\\\/respect.cl\\\/#organization\"},\"potentialAction\":[{\"@type\":\"SearchAction\",\"target\":{\"@type\":\"EntryPoint\",\"urlTemplate\":\"https:\\\/\\\/respect.cl\\\/?s={search_term_string}\"},\"query-input\":{\"@type\":\"PropertyValueSpecification\",\"valueRequired\":true,\"valueName\":\"search_term_string\"}}],\"inLanguage\":\"es-CL\"},{\"@type\":\"Organization\",\"@id\":\"https:\\\/\\\/respect.cl\\\/#organization\",\"name\":\"Respect\",\"url\":\"https:\\\/\\\/respect.cl\\\/\",\"logo\":{\"@type\":\"ImageObject\",\"inLanguage\":\"es-CL\",\"@id\":\"https:\\\/\\\/respect.cl\\\/#\\\/schema\\\/logo\\\/image\\\/\",\"url\":\"https:\\\/\\\/respect.cl\\\/wp-content\\\/uploads\\\/2021\\\/06\\\/Sitio.png\",\"contentUrl\":\"https:\\\/\\\/respect.cl\\\/wp-content\\\/uploads\\\/2021\\\/06\\\/Sitio.png\",\"width\":630,\"height\":132,\"caption\":\"Respect\"},\"image\":{\"@id\":\"https:\\\/\\\/respect.cl\\\/#\\\/schema\\\/logo\\\/image\\\/\"},\"sameAs\":[\"https:\\\/\\\/www.facebook.com\\\/RespectCL\\\/\",\"https:\\\/\\\/www.instagram.com\\\/respect.cl\\\/\",\"https:\\\/\\\/www.linkedin.com\\\/company\\\/respect-chile\\\/\"]}]}<\/script>\n<!-- \/ Yoast SEO plugin. -->","yoast_head_json":{"title":"Respect - Prensa & Actualidades del mundo de la sostenibilidad","description":"Articulos de prensa y actualidades del mundo de la sostenibilidad. Columnas de opini\u00f3n de nuestros socios.","robots":{"index":"index","follow":"follow","max-snippet":"max-snippet:-1","max-image-preview":"max-image-preview:large","max-video-preview":"max-video-preview:-1"},"canonical":"https:\/\/respect.cl\/index.php\/prensa\/","og_locale":"es_ES","og_type":"article","og_title":"Respect - Prensa & Actualidades del mundo de la sostenibilidad","og_description":"Articulos de prensa y actualidades del mundo de la sostenibilidad. Columnas de opini\u00f3n de nuestros socios.","og_url":"https:\/\/respect.cl\/index.php\/prensa\/","og_site_name":"Respect","article_publisher":"https:\/\/www.facebook.com\/RespectCL\/","article_modified_time":"2021-08-21T07:54:52+00:00","og_image":[{"width":550,"height":550,"url":"https:\/\/respect.cl\/wp-content\/uploads\/2021\/06\/respect.jpg","type":"image\/jpeg"}],"twitter_card":"summary_large_image","twitter_misc":{"Tiempo estimado de lectura":"6 minutos"},"schema":{"@context":"https:\/\/schema.org","@graph":[{"@type":"WebPage","@id":"https:\/\/respect.cl\/index.php\/prensa\/","url":"https:\/\/respect.cl\/index.php\/prensa\/","name":"Respect - Prensa & Actualidades del mundo de la sostenibilidad","isPartOf":{"@id":"https:\/\/respect.cl\/#website"},"datePublished":"2021-06-15T18:34:45+00:00","dateModified":"2021-08-21T07:54:52+00:00","description":"Articulos de prensa y actualidades del mundo de la sostenibilidad. Columnas de opini\u00f3n de nuestros socios.","breadcrumb":{"@id":"https:\/\/respect.cl\/index.php\/prensa\/#breadcrumb"},"inLanguage":"es-CL","potentialAction":[{"@type":"ReadAction","target":["https:\/\/respect.cl\/index.php\/prensa\/"]}]},{"@type":"BreadcrumbList","@id":"https:\/\/respect.cl\/index.php\/prensa\/#breadcrumb","itemListElement":[{"@type":"ListItem","position":1,"name":"Portada","item":"https:\/\/respect.cl\/"},{"@type":"ListItem","position":2,"name":"Prensa"}]},{"@type":"WebSite","@id":"https:\/\/respect.cl\/#website","url":"https:\/\/respect.cl\/","name":"Respect","description":"Agencia en Sostenibilidad","publisher":{"@id":"https:\/\/respect.cl\/#organization"},"potentialAction":[{"@type":"SearchAction","target":{"@type":"EntryPoint","urlTemplate":"https:\/\/respect.cl\/?s={search_term_string}"},"query-input":{"@type":"PropertyValueSpecification","valueRequired":true,"valueName":"search_term_string"}}],"inLanguage":"es-CL"},{"@type":"Organization","@id":"https:\/\/respect.cl\/#organization","name":"Respect","url":"https:\/\/respect.cl\/","logo":{"@type":"ImageObject","inLanguage":"es-CL","@id":"https:\/\/respect.cl\/#\/schema\/logo\/image\/","url":"https:\/\/respect.cl\/wp-content\/uploads\/2021\/06\/Sitio.png","contentUrl":"https:\/\/respect.cl\/wp-content\/uploads\/2021\/06\/Sitio.png","width":630,"height":132,"caption":"Respect"},"image":{"@id":"https:\/\/respect.cl\/#\/schema\/logo\/image\/"},"sameAs":["https:\/\/www.facebook.com\/RespectCL\/","https:\/\/www.instagram.com\/respect.cl\/","https:\/\/www.linkedin.com\/company\/respect-chile\/"]}]}},"_links":{"self":[{"href":"https:\/\/respect.cl\/index.php\/wp-json\/wp\/v2\/pages\/2418","targetHints":{"allow":["GET"]}}],"collection":[{"href":"https:\/\/respect.cl\/index.php\/wp-json\/wp\/v2\/pages"}],"about":[{"href":"https:\/\/respect.cl\/index.php\/wp-json\/wp\/v2\/types\/page"}],"author":[{"embeddable":true,"href":"https:\/\/respect.cl\/index.php\/wp-json\/wp\/v2\/users\/1"}],"replies":[{"embeddable":true,"href":"https:\/\/respect.cl\/index.php\/wp-json\/wp\/v2\/comments?post=2418"}],"version-history":[{"count":31,"href":"https:\/\/respect.cl\/index.php\/wp-json\/wp\/v2\/pages\/2418\/revisions"}],"predecessor-version":[{"id":3801,"href":"https:\/\/respect.cl\/index.php\/wp-json\/wp\/v2\/pages\/2418\/revisions\/3801"}],"wp:attachment":[{"href":"https:\/\/respect.cl\/index.php\/wp-json\/wp\/v2\/media?parent=2418"}],"curies":[{"name":"wp","href":"https:\/\/api.w.org\/{rel}","templated":true}]}}